2*p + 5 = 0. Calculate the remainder when k is divided by 13.
8
Let i(y) = 26*y**2 - 8*y + 6. Let x(q) = -9*q**2 + 3*q - 2. Let t(v) = 3*i(v) + 8*x(v). Calculate the remainder when t(-2) is divided by (-8)/(-4) + (8 - 1).
8
Suppose 144 = -16*p + 19*p. What is the remainder when p is divided by 25?
23
Let w = 13 + -5. Calculate the remainder when 29 is divided by w.
5
Suppose -3*d = 5*x - 58, d + 4*x - 9 = 2*d. Calculate the remainder when d is divided by 1.
0
Let c = 16 - 28. Let d = c - -8. Let m(f) = -f**3 - 4*f**2 - 3*f - 6. Calculate the remainder when 11 is divided by m(d).
5
Calculate the remainder when 78 - -1 - (-3 + 2) is divided by 27.
26
Suppose 2*w = -2*w + 104. Calculate the remainder when w is divided by 7.
5
Let p be 11 + (3/1)/3. Suppose -p = 3*b, 0 = -2*k - 0*k - 5*b + 74. Calculate the remainder when k is divided by 16.
15
Let p = -5 - -9. Suppose 4*h + 2*c = 20, -h + 4*h = -p*c + 25. Calculate the remainder when -2 - (0 - 6/1) is divided by h.
1
Let j = -13 - -5. What is the remainder when 56 is divided by (-29)/2*j/4?
27
Let v = -2 + 16. Let o = -7 + v. Calculate the remainder when 13 is divided by o.
6
What is the remainder when 19 is divided by 20/(-6)*3/(-2)?
4
Let q = 26 + -9. Calculate the remainder when 66 is divided by q.
15
Suppose -5*g = -27 + 7. Calculate the remainder when 9 is divided by g.
1
What is the remainder when 45 is divided by ((-12)/30)/((-2)/120)?
21
Let j(r) = r**2 - r - 4. Suppose -5*u - 30 = -130. Calculate the remainder when j(-6) is divided by 8/u*(-100)/(-2).
18
Let k = -61 + 65. Calculate the remainder when 4 is divided by k.
0
Suppose 0 = -s - 5*s - 66. What is the remainder when 41 is divided by (-7)/((-7)/(-2))*s?
19
Suppose 0 = 7*l - 397 + 47. Suppose 26 + 0 = 2*d. What is the remainder when l is divided by d?
11
Let o be (-11)/(1 + (-9)/6). Let s = o - -12. What is the remainder when s is divided by (-2)/3 - 76/(-6)?
10
Let b = 115 + -67. Suppose 8 - b = -5*d. What is the remainder when 15 is divided by d?
7
Let i(q) = 0*q - 25*q - 2 - 26*q. Let w be i(-2). Let a = w - 57. Calculate the remainder when a is divided by 15.
13
Suppose -3*t + 4*t + 54 = 5*j, 4*j - t - 43 = 0. Suppose 5*q - 5*w = 75, 0*w - 2*w - j = -q. Calculate the remainder when 73 is divided by q.
16
Let c(r) = r**2 - 10*r - 22. What is the remainder when c(-7) is divided by 25?
22
Let i = 11 + 0. Let s(l) = -30*l**3 + l + 1. Calculate the remainder when s(-1) is divided by i.
8
Suppose -t = -11 - 12. What is the remainder when t is divided by 5?
3
Let z(w) = w**3 - 7*w**2 + 8*w - 9. Let b be z(6). Let v be -2 - (-210 + b/3). Suppose 5*q + 12 = v. Calculate the remainder when q is divided by 20.
19
Let f(l) = l**2 + 1. Let h be f(-2). Suppose h + 99 = 2*k. Calculate the remainder when k is divided by 156/9 - (-4)/6.
16
Let z(o) = 20*o**3 - 2*o + 2. Calculate the remainder when z(1) is divided by 13.
7
Suppose z + 2*z = 0. Suppose 3*m - m - 46 = z. Suppose 5*i = -0*t - 5*t + 25, -4 = t + 4*i. What is the remainder when m is divided by t?
7
Let u(r) = r**2 - r. Let t(y) = -y - 4. Let p be (0 - -2 - -1)*-1. Let b be t(p). Calculate the remainder when 3 is divided by u(b).
1
Let b = -6 + 6. Suppose -2*f + b*f + 8 = 0. Suppose 0*l + 212 = 4*c - f*l, 5*l = c - 37. What is the remainder when c is divided by 15?
12
Suppose -18*a + 3*a + 270 = 0. Suppose 2*b - b - 51 = 0. Calculate the remainder when b is divided by a.
15
Let z = 66 + -33. What is the remainder when z is divided by 17?
16
Let j = 27 + -14. Suppose 0 = 11*d - 4*d - 266. Calculate the remainder when d is divided by j.
12
Suppose -s - 14 = -3*s. Let m = -59 - -63. Calculate the remainder when (1*(s - 0))/1 is divided by m.
3
Let h = 2 - -23. Let l = 37 - h. What is the remainder when l is divided by 7?
5
Let f(d) = 11*d - 15. Let t be f(11). Suppose -w + 45 = -4*z, 4*z + 14 + t = 4*w. Calculate the remainder when w is divided by 9.
7
Let c = 26 + -15. Let y = -90 - -133. What is the remainder when y is divided by c?
10
Let z(a) = a**3 + 11*a**2 - 14*a - 8. What is the remainder when 77 is divided by z(-12)?
13
Let o = -33 - -39. What is the remainder when 7 is divided by o?
1
Let r(n) = -n - 7. Let o be r(-10). Suppose -15 = o*w - 60. Let g = w + 8. What is the remainder when g is divided by 12?
11
Suppose -3*t + a + 76 = 0, 0 = -2*t + 2*a + 3*a + 68. Let f(y) = 6*y - 2*y + 12*y - 2. What is the remainder when f(3) is divided by t?
22
Suppose -w + 6 = -17. What is the remainder when w is divided by 0 - -2 - (-1 - 5)?
7
Let f(m) = -m - 5. Let y be f(-13). Suppose 2*v - y - 2 = 0. What is the remainder when 22 is divided by v?
2
Let v = -123 + 208. Suppose -2*t + 44 = -0*t. Calculate the remainder when v is divided by t.
19
Suppose 10 - 34 = -3*p. Suppose -3*j - 8 = 4*a - 0*j, -2*j = 5*a + 3. Calculate the remainder when (a - 3)/((-12)/138) is divided by p.
7
Let m(r) = -r**2 + 27*r + 22. Calculate the remainder when m(27) is divided by 7.
1
Suppose -13 = -5*j + 2. Let o be (-2 + -2)*(-2)/4. Suppose 0 = -o*s - 3*s + 25. Calculate the remainder when s is divided by j.
2
Let g(n) = n**3 + 9*n**2 + 7*n + 6. Suppose 80 = 3*i - i. What is the remainder when i is divided by g(-8)?
12
Let c(v) = -v**2 + 11*v - 10. What is the remainder when 53 is divided by c(8)?
11
Let n = 6 - 9. Let q be n/12*2*-14. Suppose 5*v + 19 = 3*s, 0*s + 2*v + q = s. What is the remainder when 5 is divided by s?
2
Suppose 0 = v - 0*v. Suppose 4*k - 279 + 83 = v. What is the remainder when k is divided by 13?
10
Let x be ((-48)/15)/(6/(-15)). Suppose -l = x + 6. Let w = 23 + l. Calculate the remainder when 35 is divided by w.
8
Let w = 10 - -18. What is the remainder when 109 is divided by w?
25
Suppose z - 2*b - 6 = -z, 0 = 5*z - 3*b - 13. Let q be ((-3)/z)/(12/(-16)). Suppose -q*d = -0*d - 20. What is the remainder when 18 is divided by d?
8
Suppose 12 = o - 4*u, -19 - 11 = -o - 2*u. Suppose -z + 5*t = -13, 2 = -z + 4*t + 15. What is the remainder when o is divided by z?
11
Let k(h) be the first derivative of -h**3/3 - 13*h**2/2 - 13*h + 1. What is the remainder when 67 is divided by k(-10)?
16
Suppose -5*m - 5 = 5. Suppose -3*x + 3 = -3. What is the remainder when ((-1)/3)/(m/12) is divided by x?
0
Let o(i) = -i**3 + 6*i**2 + 4*i - 3. Suppose -30 = 3*q - 150. Calculate the remainder when q is divided by o(6).
19
Let n(s) = 36*s - 12. What is the remainder when 237 is divided by n(1)?
21
Calculate the remainder when 22 is divided by -30*2/(-4) - (2 - 2).
7
Let h(t) = -t**2 - 4*t + 1. Let g be h(-3). Suppose 0 + 64 = g*i. Calculate the remainder when 63 is divided by i.
15
Let x(d) = 1 + 0 - 4 - 8*d. Suppose 0 = -2*k + k - 4. What is the remainder when x(k) is divided by 15?
14
Let c = 46 - 18. Calculate the remainder when c is divided by 15.
13
Let i(s) = -3*s + 15. What is the remainder when i(-14) is divided by 12?
9
Suppose -390 = -2*q - q. Suppose -2*p = -5*u + p + q, 15 = -3*p. What is the remainder when u is divided by 12?
11
Suppose -560 = -11*x + x. Calculate the remainder when x is divided by 6.
2
Suppose 3*g + 2*c + 3*c = 101, 2*g + 3*c = 69. Calculate the remainder when g is divided by 15.
12
Suppose 3*f - 2*f = 18. Calculate the remainder when f is divided by 7.
4
Suppose -5*n - 10 = 3*k - 4*k, 0 = -k + 2*n + 16. What is the remainder when 58 is divided by k?
18
Let v(h) = h + 6. Let g be v(-6). Let z = g + 3. Suppose -c - 3*x - 1 = 0, -3*c + x + 7 + 20 = 0. What is the remainder when c is divided by z?
2
Suppose 6 + 1 = -2*l - 5*n, -4*l - 4*n = -16. Let k(r) = 3*r**2 + 3*r - 3. Calculate the remainder when k(-3) is divided by l.
6
What is the remainder when 25/(-25)*1*-85 is divided by 29?
27
Let k(d) = d**3 + 8*d**2 + 2*d - 21. Calculate the remainder when 26 is divided by k(-7).
12
Calculate the remainder when 4/2 + 0 - -42 is divided by 12.
8
Suppose 19*u - 24*u + 60 = 0. Calculate the remainder when 33 is divided by u.
9
Let c(z) = 24*z**2 - 1. Let h = 14 - 13. Calculate the remainder when 90 is divided by c(h).
21
Let r(v) = -v**3 + v**2 + 34. What is the remainder when r(0) is divided by 124/7 + (-2)/(-7)?
16
Suppose 4*v - 7 = 9. What is the remainder when v is divided by 1?
0
Suppose -2*b - 2*v = -4*b, -12 = -b - 3*v. Calculate the remainder when 5 + (-4 + 6)*-1 is divided by